{"id":100,"date":"2019-11-06T11:57:35","date_gmt":"2019-11-06T11:57:35","guid":{"rendered":"http:\/\/test.kanzleikaiserberg.de\/?page_id=100"},"modified":"2019-11-06T11:57:35","modified_gmt":"2019-11-06T11:57:35","slug":"leistungen","status":"publish","type":"page","link":"https:\/\/kanzleikaiserberg.de\/?page_id=100","title":{"rendered":"Leistungen"},"content":{"rendered":"<div id=\"accordions-547\" class=\"accordions-547 accordions\" data-accordions={&quot;lazyLoad&quot;:true,&quot;id&quot;:&quot;547&quot;,&quot;event&quot;:&quot;click&quot;,&quot;collapsible&quot;:&quot;true&quot;,&quot;heightStyle&quot;:&quot;content&quot;,&quot;animateStyle&quot;:&quot;swing&quot;,&quot;animateDelay&quot;:1000,&quot;navigation&quot;:true,&quot;active&quot;:999,&quot;expandedOther&quot;:&quot;no&quot;}>\r\n                <div id=\"accordions-lazy-547\" class=\"accordions-lazy\" accordionsId=\"547\">\r\n                    <\/div>\r\n\r\n    <div class=\"items\"  style=\"display:none\" >\r\n    \r\n            <div post_id=\"547\" itemcount=\"0\"  header_id=\"header-1579273436063\" id=\"header-1579273436063\" style=\"\" class=\"accordions-head head1579273436063 border-none\" toggle-text=\"\" main-text=\"Allgemeine Beratung und Vertretung in Steuersachen\">\r\n                                    <span id=\"accordion-icons-1579273436063\" class=\"accordion-icons\">\r\n                        <span class=\"accordion-icon-active accordion-plus\"><i class=\"fa fas fa-chevron-up\"><\/i><\/span>\r\n                        <span class=\"accordion-icon-inactive accordion-minus\"><i class=\"fa fas fa-chevron-down\"><\/i><\/span>\r\n                    <\/span>\r\n                    <span id=\"header-text-1579273436063\" class=\"accordions-head-title\">Allgemeine Beratung und Vertretung in Steuersachen<\/span>\r\n                            <\/div>\r\n            <div class=\"accordion-content content1579273436063 \">\r\n                <p>Von den Informationen zum Steuerrecht \u00fcber die Beratung zur optimalen Steuergestaltung bis hin zur Existenzgr\u00fcndung und der Erstellung von Gutachten in Steuerangelegenheiten beraten und betreuen wir Sie umfassend.<\/p>\n            <\/div>\r\n    \r\n            <div post_id=\"547\" itemcount=\"1\"  header_id=\"header-1579273463845\" id=\"header-1579273463845\" style=\"\" class=\"accordions-head head1579273463845 border-none\" toggle-text=\"\" main-text=\"Rechnungswesen\">\r\n                                    <span id=\"accordion-icons-1579273463845\" class=\"accordion-icons\">\r\n                        <span class=\"accordion-icon-active accordion-plus\"><i class=\"fa fas fa-chevron-up\"><\/i><\/span>\r\n                        <span class=\"accordion-icon-inactive accordion-minus\"><i class=\"fa fas fa-chevron-down\"><\/i><\/span>\r\n                    <\/span>\r\n                    <span id=\"header-text-1579273463845\" class=\"accordions-head-title\">Rechnungswesen<\/span>\r\n                            <\/div>\r\n            <div class=\"accordion-content content1579273463845 \">\r\n                <p>In der Buchf\u00fchrung arbeiten wir mit dem DATEV-System. Wir \u00fcbernehmen die komplette Buchf\u00fchrung Ihres Unternehmens. Der Umfang der durch uns ausgef\u00fchrten Arbeiten richtet sich nach den von Ihnen erbrachten Vorleistungen.<\/p>\n            <\/div>\r\n    \r\n            <div post_id=\"547\" itemcount=\"2\"  header_id=\"header-1579273493781\" id=\"header-1579273493781\" style=\"\" class=\"accordions-head head1579273493781 border-none\" toggle-text=\"\" main-text=\"Erstellung von Abschl\u00fcssen\">\r\n                                    <span id=\"accordion-icons-1579273493781\" class=\"accordion-icons\">\r\n                        <span class=\"accordion-icon-active accordion-plus\"><i class=\"fa fas fa-chevron-up\"><\/i><\/span>\r\n                        <span class=\"accordion-icon-inactive accordion-minus\"><i class=\"fa fas fa-chevron-down\"><\/i><\/span>\r\n                    <\/span>\r\n                    <span id=\"header-text-1579273493781\" class=\"accordions-head-title\">Erstellung von Abschl\u00fcssen<\/span>\r\n                            <\/div>\r\n            <div class=\"accordion-content content1579273493781 \">\r\n                <p>Die Erstellung der Einnahmen-\u00dcberschussrechnung oder des Jahresabschlusses geh\u00f6ren auch zu unseren T\u00e4tigkeiten. Der Jahresabschluss kann nach handelsrechtlichen (HGB) und den steuerlichen Vorschriften aufgestellt werden. Dar\u00fcber hinaus besteht die M\u00f6glichkeit den Jahresabschluss gem. den internationalen Rechnungslegungsvorschriften und den US-amerikanischen Rechnungsvorschriften (US-GAAP) aufzustellen.<\/p>\n            <\/div>\r\n    \r\n            <div post_id=\"547\" itemcount=\"3\"  header_id=\"header-1579273522175\" id=\"header-1579273522175\" style=\"\" class=\"accordions-head head1579273522175 border-none\" toggle-text=\"\" main-text=\"Steuererkl\u00e4rungen, Steueranmeldungen, Antragstellungen\">\r\n                                    <span id=\"accordion-icons-1579273522175\" class=\"accordion-icons\">\r\n                        <span class=\"accordion-icon-active accordion-plus\"><i class=\"fa fas fa-chevron-up\"><\/i><\/span>\r\n                        <span class=\"accordion-icon-inactive accordion-minus\"><i class=\"fa fas fa-chevron-down\"><\/i><\/span>\r\n                    <\/span>\r\n                    <span id=\"header-text-1579273522175\" class=\"accordions-head-title\">Steuererkl\u00e4rungen, Steueranmeldungen, Antragstellungen<\/span>\r\n                            <\/div>\r\n            <div class=\"accordion-content content1579273522175 \">\r\n                <p>Wir fertigen Steuerkl\u00e4rungen f\u00fcr alle Steuerarten und \u00fcbernehmen f\u00fcr Sie die Steueranmeldung und die Antragstellung gegen\u00fcber den zust\u00e4ndigen Beh\u00f6rden. Dar\u00fcber hinaus k\u00f6nnen wir mit der Pr\u00fcfung bereits angefertigter Steuererkl\u00e4rungen beauftragt werden.<\/p>\n            <\/div>\r\n    \r\n            <div post_id=\"547\" itemcount=\"4\"  header_id=\"header-1579273562439\" id=\"header-1579273562439\" style=\"\" class=\"accordions-head head1579273562439 border-none\" toggle-text=\"\" main-text=\"Vertretung gegen\u00fcber den Finanz\u00e4mtern und Finanzgerichten\">\r\n                                    <span id=\"accordion-icons-1579273562439\" class=\"accordion-icons\">\r\n                        <span class=\"accordion-icon-active accordion-plus\"><i class=\"fa fas fa-chevron-up\"><\/i><\/span>\r\n                        <span class=\"accordion-icon-inactive accordion-minus\"><i class=\"fa fas fa-chevron-down\"><\/i><\/span>\r\n                    <\/span>\r\n                    <span id=\"header-text-1579273562439\" class=\"accordions-head-title\">Vertretung gegen\u00fcber den Finanz\u00e4mtern und Finanzgerichten<\/span>\r\n                            <\/div>\r\n            <div class=\"accordion-content content1579273562439 \">\r\n                <p>Wir \u00fcbernehmen f\u00fcr Sie die Antragstellung gegen\u00fcber den Finanz\u00e4mtern z.B. bei<br \/>\nFristverl\u00e4ngerungen, Stundungen, Erlass von Steuerschulden. Ebenfalls vertreten wir Sie vor den Finanzgerichten und dem Bundesfinanzhof in s\u00e4mtlichen Steuerangelegenheiten.<\/p>\n            <\/div>\r\n    \r\n            <div post_id=\"547\" itemcount=\"5\"  header_id=\"header-1579273599600\" id=\"header-1579273599600\" style=\"\" class=\"accordions-head head1579273599600 border-none\" toggle-text=\"\" main-text=\"Sanierung und Insolvenzverwaltung\">\r\n                                    <span id=\"accordion-icons-1579273599600\" class=\"accordion-icons\">\r\n                        <span class=\"accordion-icon-active accordion-plus\"><i class=\"fa fas fa-chevron-up\"><\/i><\/span>\r\n                        <span class=\"accordion-icon-inactive accordion-minus\"><i class=\"fa fas fa-chevron-down\"><\/i><\/span>\r\n                    <\/span>\r\n                    <span id=\"header-text-1579273599600\" class=\"accordions-head-title\">Sanierung und Insolvenzverwaltung<\/span>\r\n                            <\/div>\r\n            <div class=\"accordion-content content1579273599600 \">\r\n                <p>Durch die Anerkennung zum Fachberater f\u00fcr Sanierungs- und Insolvenzverwaltung (DStV e.V.) im Dezember 2008 sind wir in der Lage, entsprechende Insolvenzverfahren abzuwickeln. Unser Hauptaugenmerk liegt jedoch in der Entwicklung von Sanierungskonzepten zum Fortbestehen eines Unternehmens.<\/p>\n            <\/div>\r\n    \r\n            <div post_id=\"547\" itemcount=\"6\"  header_id=\"header-1579273621031\" id=\"header-1579273621031\" style=\"\" class=\"accordions-head head1579273621031 border-none\" toggle-text=\"\" main-text=\"Betriebswirtschaftliche Beratung\">\r\n                                    <span id=\"accordion-icons-1579273621031\" class=\"accordion-icons\">\r\n                        <span class=\"accordion-icon-active accordion-plus\"><i class=\"fa fas fa-chevron-up\"><\/i><\/span>\r\n                        <span class=\"accordion-icon-inactive accordion-minus\"><i class=\"fa fas fa-chevron-down\"><\/i><\/span>\r\n                    <\/span>\r\n                    <span id=\"header-text-1579273621031\" class=\"accordions-head-title\">Betriebswirtschaftliche Beratung<\/span>\r\n                            <\/div>\r\n            <div class=\"accordion-content content1579273621031 \">\r\n                            <\/div>\r\n    \r\n            <div post_id=\"547\" itemcount=\"7\"  header_id=\"header-1579273651238\" id=\"header-1579273651238\" style=\"\" class=\"accordions-head head1579273651238 border-none\" toggle-text=\"\" main-text=\"Lohn- und Gehaltsbuchf\u00fchrung\">\r\n                                    <span id=\"accordion-icons-1579273651238\" class=\"accordion-icons\">\r\n                        <span class=\"accordion-icon-active accordion-plus\"><i class=\"fa fas fa-chevron-up\"><\/i><\/span>\r\n                        <span class=\"accordion-icon-inactive accordion-minus\"><i class=\"fa fas fa-chevron-down\"><\/i><\/span>\r\n                    <\/span>\r\n                    <span id=\"header-text-1579273651238\" class=\"accordions-head-title\">Lohn- und Gehaltsbuchf\u00fchrung<\/span>\r\n                            <\/div>\r\n            <div class=\"accordion-content content1579273651238 \">\r\n                            <\/div>\r\n    \r\n            <div post_id=\"547\" itemcount=\"8\"  header_id=\"header-1579273690209\" id=\"header-1579273690209\" style=\"\" class=\"accordions-head head1579273690209 border-none\" toggle-text=\"\" main-text=\"Steuerstrafverfahren\">\r\n                                    <span id=\"accordion-icons-1579273690209\" class=\"accordion-icons\">\r\n                        <span class=\"accordion-icon-active accordion-plus\"><i class=\"fa fas fa-chevron-up\"><\/i><\/span>\r\n                        <span class=\"accordion-icon-inactive accordion-minus\"><i class=\"fa fas fa-chevron-down\"><\/i><\/span>\r\n                    <\/span>\r\n                    <span id=\"header-text-1579273690209\" class=\"accordions-head-title\">Steuerstrafverfahren<\/span>\r\n                            <\/div>\r\n            <div class=\"accordion-content content1579273690209 \">\r\n                            <\/div>\r\n    \r\n            <div post_id=\"547\" itemcount=\"9\"  header_id=\"header-1579273714612\" id=\"header-1579273714612\" style=\"\" class=\"accordions-head head1579273714612 border-none\" toggle-text=\"\" main-text=\"Unternehmensnachfolge\">\r\n                                    <span id=\"accordion-icons-1579273714612\" class=\"accordion-icons\">\r\n                        <span class=\"accordion-icon-active accordion-plus\"><i class=\"fa fas fa-chevron-up\"><\/i><\/span>\r\n                        <span class=\"accordion-icon-inactive accordion-minus\"><i class=\"fa fas fa-chevron-down\"><\/i><\/span>\r\n                    <\/span>\r\n                    <span id=\"header-text-1579273714612\" class=\"accordions-head-title\">Unternehmensnachfolge<\/span>\r\n                            <\/div>\r\n            <div class=\"accordion-content content1579273714612 \">\r\n                            <\/div>\r\n    <\/div>\r\n\r\n\r\n\r\n            <\/div>\n\n\n\n<hr class=\"wp-block-separator\"\/>\n\n\n\n<p>Dar\u00fcber hinaus werden von uns Schuldnerberatungen uneingeschr\u00e4nkt durchgef\u00fchrt. Wir betreuen Sie auch innerhalb des Verbraucherinsolvenzverfahrens.<\/p>\n\n\n\n<p>Im Insolvenzverfahren arbeiten wir mit dem Softwareprogramm Winsolvenz.p3.<\/p>\n\n\n\n<p>Falls Sie Ihr Anliegen hier nicht wiederfinden, fragen Sie uns doch einfach pers\u00f6nlich! Bisher haben wir f\u00fcr unsere Mandanten immer eine optimale L\u00f6sung gefunden! <\/p>\n","protected":false},"excerpt":{"rendered":"<p>Dar\u00fcber hinaus werden von uns Schuldnerberatungen uneingeschr\u00e4nkt durchgef\u00fchrt. Wir betreuen Sie auch innerhalb des Verbraucherinsolvenzverfahrens. Im Insolvenzverfahren arbeiten wir mit dem Softwareprogramm Winsolvenz.p3. Falls Sie Ihr Anliegen hier nicht wiederfinden, fragen Sie uns doch einfach pers\u00f6nlich! Bisher haben wir f\u00fcr unsere Mandanten immer eine optimale L\u00f6sung gefunden!<\/p>\n","protected":false},"author":1,"featured_media":0,"parent":0,"menu_order":0,"comment_status":"closed","ping_status":"closed","template":"","meta":{"footnotes":""},"class_list":["post-100","page","type-page","status-publish","hentry"],"_links":{"self":[{"href":"https:\/\/kanzleikaiserberg.de\/index.php?rest_route=\/wp\/v2\/pages\/100","targetHints":{"allow":["GET"]}}],"collection":[{"href":"https:\/\/kanzleikaiserberg.de\/index.php?rest_route=\/wp\/v2\/pages"}],"about":[{"href":"https:\/\/kanzleikaiserberg.de\/index.php?rest_route=\/wp\/v2\/types\/page"}],"author":[{"embeddable":true,"href":"https:\/\/kanzleikaiserberg.de\/index.php?rest_route=\/wp\/v2\/users\/1"}],"replies":[{"embeddable":true,"href":"https:\/\/kanzleikaiserberg.de\/index.php?rest_route=%2Fwp%2Fv2%2Fcomments&post=100"}],"version-history":[{"count":0,"href":"https:\/\/kanzleikaiserberg.de\/index.php?rest_route=\/wp\/v2\/pages\/100\/revisions"}],"wp:attachment":[{"href":"https:\/\/kanzleikaiserberg.de\/index.php?rest_route=%2Fwp%2Fv2%2Fmedia&parent=100"}],"curies":[{"name":"wp","href":"https:\/\/api.w.org\/{rel}","templated":true}]}}